{"id":10,"date":"2013-03-22T13:48:13","date_gmt":"2013-03-22T12:48:13","guid":{"rendered":"http:\/\/146266.web01.swisscenter.com\/wordpress\/?page_id=10"},"modified":"2020-11-13T14:28:56","modified_gmt":"2020-11-13T13:28:56","slug":"telechargement","status":"publish","type":"page","link":"https:\/\/www.liturgiciel.ch\/wordpress\/?page_id=10","title":{"rendered":"Comment \u00e7a marche ?"},"content":{"rendered":"<p>\u00a0<\/p>\n<p><span style=\"line-height: 1.714285714; font-size: 1rem;\">Pour acc\u00e9der \u00e0 LiturgiCiel et l&rsquo;utiliser, vous n&rsquo;avez besoin d&rsquo;aucun logiciel sp\u00e9cial : une connexion Internet et vote navigateur habituel suffisent. <br \/><\/span><\/p>\n<p>Vous utilisez Edge ? Explorer ? Safari ? Firefox ? Chrome ? Tout va bien.<\/p>\n<p>Vous \u00eates Mac ? vous \u00eates PC ? Tout va bien aussi, \u00e7a ne change rien.<\/p>\n<p>\u00a0<\/p>\n<p>Le mode d&#8217;emploi complet est consultable sur ce site. Commencer par le chapitre <span style=\"color: #0000ff;\"><a style=\"color: #0000ff;\" href=\"http:\/\/www.liturgiciel.ch\/wordpress\/?page_id=627\">Acc\u00e9der \u00e0 LiturgiCiel<\/a><\/span><\/p>\n<p>\u00a0<\/p>\n\n\n<p><\/p>\n","protected":false},"excerpt":{"rendered":"<p>\u00a0 Pour acc\u00e9der \u00e0 LiturgiCiel et l&rsquo;utiliser, vous n&rsquo;avez besoin d&rsquo;aucun logiciel sp\u00e9cial : une connexion Internet et vote navigateur habituel suffisent. Vous utilisez Edge ? Explorer ? Safari ? Firefox ? Chrome ? Tout va bien. Vous \u00eates Mac ? vous \u00eates PC ? Tout va bien aussi, \u00e7a ne change rien. \u00a0 Le [&hellip;]<\/p>\n","protected":false},"author":1,"featured_media":0,"parent":0,"menu_order":0,"comment_status":"closed","ping_status":"open","template":"","meta":{"spay_email":"","footnotes":""},"class_list":["post-10","page","type-page","status-publish","hentry"],"jetpack_shortlink":"https:\/\/wp.me\/P3maRr-a","jetpack_sharing_enabled":true,"_links":{"self":[{"href":"https:\/\/www.liturgiciel.ch\/wordpress\/index.php?rest_route=\/wp\/v2\/pages\/10","targetHints":{"allow":["GET"]}}],"collection":[{"href":"https:\/\/www.liturgiciel.ch\/wordpress\/index.php?rest_route=\/wp\/v2\/pages"}],"about":[{"href":"https:\/\/www.liturgiciel.ch\/wordpress\/index.php?rest_route=\/wp\/v2\/types\/page"}],"author":[{"embeddable":true,"href":"https:\/\/www.liturgiciel.ch\/wordpress\/index.php?rest_route=\/wp\/v2\/users\/1"}],"replies":[{"embeddable":true,"href":"https:\/\/www.liturgiciel.ch\/wordpress\/index.php?rest_route=%2Fwp%2Fv2%2Fcomments&post=10"}],"version-history":[{"count":29,"href":"https:\/\/www.liturgiciel.ch\/wordpress\/index.php?rest_route=\/wp\/v2\/pages\/10\/revisions"}],"predecessor-version":[{"id":680,"href":"https:\/\/www.liturgiciel.ch\/wordpress\/index.php?rest_route=\/wp\/v2\/pages\/10\/revisions\/680"}],"wp:attachment":[{"href":"https:\/\/www.liturgiciel.ch\/wordpress\/index.php?rest_route=%2Fwp%2Fv2%2Fmedia&parent=10"}],"curies":[{"name":"wp","href":"https:\/\/api.w.org\/{rel}","templated":true}]}}

Comment ça marche ?

<p> </p>
<p><span style="line-height: 1.714285714; font-size: 1rem;">Pour accéder à LiturgiCiel et l&rsquo;utiliser, vous n&rsquo;avez besoin d&rsquo;aucun logiciel spécial : une connexion Internet et vote navigateur habituel suffisent. <br /></span></p>
<p>Vous utilisez Edge ? Explorer ? Safari ? Firefox ? Chrome ? Tout va bien.</p>
<p>Vous êtes Mac ? vous êtes PC ? Tout va bien aussi, ça ne change rien.</p>
<p> </p>
<p>Le mode d&#8217;emploi complet est consultable sur ce site. Commencer par le chapitre <span style="color: #0000ff;"><a style="color: #0000ff;" href="http://www.liturgiciel.ch/wordpress/?page_id=627">Accéder à LiturgiCiel</a></span></p>
<p> </p>


<p></p>

<p>  Pour accéder à LiturgiCiel et l&rsquo;utiliser, vous n&rsquo;avez besoin d&rsquo;aucun logiciel spécial : une connexion Internet et vote navigateur habituel suffisent. Vous utilisez Edge ? Explorer ? Safari ? Firefox ? Chrome ? Tout va bien. Vous êtes Mac ? vous êtes PC ? Tout va bien aussi, ça ne change rien.   Le [&hellip;]</p>
