{"id":25,"date":"2013-03-22T16:53:12","date_gmt":"2013-03-22T15:53:12","guid":{"rendered":"http:\/\/146266.web01.swisscenter.com\/wordpress\/?page_id=25"},"modified":"2020-11-13T14:29:31","modified_gmt":"2020-11-13T13:29:31","slug":"fonctionnalites","status":"publish","type":"page","link":"https:\/\/www.liturgiciel.ch\/wordpress\/?page_id=25","title":{"rendered":"Fonctionnalit\u00e9s"},"content":{"rendered":"<h1><strong>LiturgiCiel en bref<\/strong><\/h1>\n<p>Pour des explications d\u00e9taill\u00e9es, consultez : <a href=\"http:\/\/www.liturgiciel.ch\/wordpress\/?page_id=10\"><span style=\"color: #0000ff;\">Comment \u00e7a marche ?<\/span><\/a><\/p>\n<p style=\"text-align: right;\"><em>Cliquez sur les images pour les agrandir.<\/em><\/p>\n<p>LiturgiCiel permet de :<\/p>\n<h1>1. Consulter<\/h1>\n<p><a href=\"http:\/\/www.liturgiciel.ch\/wordpress\/wp-content\/uploads\/LiturgiCiel__FILEMAKER01_-1.jpg\"><img loading=\"lazy\" decoding=\"async\" class=\"alignright wp-image-604 size-thumbnail colorbox-25\" src=\"http:\/\/www.liturgiciel.ch\/wordpress\/wp-content\/uploads\/LiturgiCiel__FILEMAKER01_-1-150x150.jpg\" alt=\"\" width=\"150\" height=\"150\" \/><\/a>Pour d\u00e9couvrir les textes, vous pouvez les chercher en fonction du genre de c\u00e9l\u00e9bration, des moments de la c\u00e9l\u00e9bration, des temps liturgiques de l&rsquo;ann\u00e9e. Des recherches par mots-cl\u00e9s simples ou plus sophistiqu\u00e9es sont ais\u00e9es.<\/p>\n<p><a href=\"http:\/\/www.liturgiciel.ch\/wordpress\/wp-content\/uploads\/EnListe.jpg\" target=\"_blank\" rel=\"noopener noreferrer\"><img loading=\"lazy\" decoding=\"async\" class=\"alignright size-thumbnail wp-image-605 colorbox-25\" src=\"http:\/\/www.liturgiciel.ch\/wordpress\/wp-content\/uploads\/EnListe-150x150.jpg\" alt=\"\" width=\"150\" height=\"150\" \/><\/a>Chaque r\u00e9sultat d&rsquo;une recherche appara\u00eet dans la fen\u00eatre principale, o\u00f9 les fiches peuvent d\u00e9filer une \u00e0 une. L&rsquo;utilisateur peut aussi obtenir une vue en liste, plus rapide \u00e0 consulter, mais avec moins de d\u00e9tails.<\/p>\n<h2>2. Grouper et classer<\/h2>\n<p><a href=\"http:\/\/www.liturgiciel.ch\/wordpress\/wp-content\/uploads\/Dossiers.jpg\" target=\"_blank\" rel=\"noopener noreferrer\"><img loading=\"lazy\" decoding=\"async\" class=\"alignright size-thumbnail wp-image-617 colorbox-25\" src=\"http:\/\/www.liturgiciel.ch\/wordpress\/wp-content\/uploads\/Dossiers-150x150.jpg\" alt=\"\" width=\"150\" height=\"150\" \/><\/a>Les fiches liturgiques peuvent \u00eatre group\u00e9es dans des dossiers : l&rsquo;utilisateur peut cr\u00e9er, par exemple, un dossier par culte c\u00e9l\u00e9br\u00e9, ou constituer un dossier th\u00e9matique. Il peut g\u00e9rer autant de dossiers et de sous-dossiers qu&rsquo;il le souhaite.<\/p>\n<h2>3. Editer<\/h2>\n<p><a href=\"http:\/\/www.liturgiciel.ch\/wordpress\/wp-content\/uploads\/SourcesVariantes-1.jpg\" target=\"_blank\" rel=\"noopener noreferrer\"><img loading=\"lazy\" decoding=\"async\" class=\"alignright size-thumbnail wp-image-614 colorbox-25\" src=\"http:\/\/www.liturgiciel.ch\/wordpress\/wp-content\/uploads\/SourcesVariantes-1-150x150.jpg\" alt=\"\" width=\"150\" height=\"150\" \/><\/a>Chaque utilisateur peut cr\u00e9er de nouvelles fiches, en fonction de sa sensibilit\u00e9 et de ses besoins. Il peut facilement dupliquer un texte existant et l&rsquo;adapter \u00e0 sa mani\u00e8re. L&rsquo;orignal et la variante sont alors conserv\u00e9s dans LiturgiCiel.<\/p>\n<h2>4. Partager<\/h2>\n<p>Chaque fiche cr\u00e9\u00e9e dans LiturgiCiel est imm\u00e9diatement disponible pour tous les utilisateurs. Bien s\u00fbr, seul l&rsquo;auteur d&rsquo;une fiche peut la modifier ou la supprimer. Les textes officiellement re\u00e7us en \u00c9glise sont prot\u00e9g\u00e9s contre la modification ou l&rsquo;effacement. Si toutes les fiches sont visibles par tout le monde, les dossiers personnels, eux, ne sont accessible qu&rsquo;\u00e0 leur cr\u00e9ateur. Il est n\u00e9anmoins possible de partager un dossier pour travailler \u00e0 plusieurs sur un lot de fiches.\u00a0<\/p>\n<h2>5. Pr\u00e9parer une c\u00e9l\u00e9bration<\/h2>\n<p>Lorsqu&rsquo;un utilisateur a s\u00e9lectionn\u00e9 un certain nombre de fiches en vue d&rsquo;une c\u00e9l\u00e9bration, il peut facilement les exporter :<\/p>\n<ul>\n<li>soit vers un document .pdf<\/li>\n<li>soit vers un document texte, \u00e9ditable<\/li>\n<\/ul>\n<p><a href=\"http:\/\/www.liturgiciel.ch\/wordpress\/wp-content\/uploads\/CulteSion.jpg\" target=\"_blank\" rel=\"noopener noreferrer\"><img loading=\"lazy\" decoding=\"async\" class=\"alignright size-thumbnail wp-image-616 colorbox-25\" src=\"http:\/\/www.liturgiciel.ch\/wordpress\/wp-content\/uploads\/CulteSion-150x150.jpg\" alt=\"\" width=\"150\" height=\"150\" \/><\/a>Le document pr\u00e9sente toutes les fiches \u00e0 la suite, selon l&rsquo;ordre du culte habituel de l&rsquo;utilisateur, comme sur l&rsquo;image ci-contre.<\/p>\n<h2>6. C\u00e9l\u00e9brer<\/h2>\n<p>Le document texte mentionn\u00e9 ci-dessus est directement utilisable sur un smartphone ou une tablette au cours de la c\u00e9l\u00e9bration.<\/p>\n<p>Plus traditionnellement, l&rsquo;utilisateur imprimera le document pdf sur papier en vue de son utilisation dans la c\u00e9l\u00e9bration<\/p>\n<h3>Acc\u00e9der \u00e0 LiturgiCiel<\/h3>\n<p>Pour acc\u00e9der \u00e0 LiturgiCiel et obtenir des indications d\u00e9taill\u00e9s sur la mani\u00e8re d&rsquo;utiliser cet outil, aller \u00e0 l&rsquo;onglet <span style=\"color: #0000ff;\"><a style=\"color: #0000ff;\" href=\"http:\/\/www.liturgiciel.ch\/wordpress\/?page_id=10\">Comment \u00e7a marche ?<\/a><\/span><\/p>\n\n\n<p><\/p>\n","protected":false},"excerpt":{"rendered":"<p>LiturgiCiel en bref Pour des explications d\u00e9taill\u00e9es, consultez : Comment \u00e7a marche ? Cliquez sur les images pour les agrandir. LiturgiCiel permet de : 1. Consulter Pour d\u00e9couvrir les textes, vous pouvez les chercher en fonction du genre de c\u00e9l\u00e9bration, des moments de la c\u00e9l\u00e9bration, des temps liturgiques de l&rsquo;ann\u00e9e. Des recherches par mots-cl\u00e9s simples [&hellip;]<\/p>\n","protected":false},"author":1,"featured_media":0,"parent":0,"menu_order":0,"comment_status":"closed","ping_status":"open","template":"","meta":{"spay_email":"","footnotes":""},"class_list":["post-25","page","type-page","status-publish","hentry"],"jetpack_shortlink":"https:\/\/wp.me\/P3maRr-p","jetpack_sharing_enabled":true,"_links":{"self":[{"href":"https:\/\/www.liturgiciel.ch\/wordpress\/index.php?rest_route=\/wp\/v2\/pages\/25","targetHints":{"allow":["GET"]}}],"collection":[{"href":"https:\/\/www.liturgiciel.ch\/wordpress\/index.php?rest_route=\/wp\/v2\/pages"}],"about":[{"href":"https:\/\/www.liturgiciel.ch\/wordpress\/index.php?rest_route=\/wp\/v2\/types\/page"}],"author":[{"embeddable":true,"href":"https:\/\/www.liturgiciel.ch\/wordpress\/index.php?rest_route=\/wp\/v2\/users\/1"}],"replies":[{"embeddable":true,"href":"https:\/\/www.liturgiciel.ch\/wordpress\/index.php?rest_route=%2Fwp%2Fv2%2Fcomments&post=25"}],"version-history":[{"count":46,"href":"https:\/\/www.liturgiciel.ch\/wordpress\/index.php?rest_route=\/wp\/v2\/pages\/25\/revisions"}],"predecessor-version":[{"id":681,"href":"https:\/\/www.liturgiciel.ch\/wordpress\/index.php?rest_route=\/wp\/v2\/pages\/25\/revisions\/681"}],"wp:attachment":[{"href":"https:\/\/www.liturgiciel.ch\/wordpress\/index.php?rest_route=%2Fwp%2Fv2%2Fmedia&parent=25"}],"curies":[{"name":"wp","href":"https:\/\/api.w.org\/{rel}","templated":true}]}}

Fonctionnalités

<h1><strong>LiturgiCiel en bref</strong></h1>
<p>Pour des explications détaillées, consultez : <a href="http://www.liturgiciel.ch/wordpress/?page_id=10"><span style="color: #0000ff;">Comment ça marche ?</span></a></p>
<p style="text-align: right;"><em>Cliquez sur les images pour les agrandir.</em></p>
<p>LiturgiCiel permet de :</p>
<h1>1. Consulter</h1>
<p><a href="http://www.liturgiciel.ch/wordpress/wp-content/uploads/LiturgiCiel__FILEMAKER01_-1.jpg"><img loading="lazy" decoding="async" class="alignright wp-image-604 size-thumbnail colorbox-25" src="http://www.liturgiciel.ch/wordpress/wp-content/uploads/LiturgiCiel__FILEMAKER01_-1-150x150.jpg" alt="" width="150" height="150" /></a>Pour découvrir les textes, vous pouvez les chercher en fonction du genre de célébration, des moments de la célébration, des temps liturgiques de l&rsquo;année. Des recherches par mots-clés simples ou plus sophistiquées sont aisées.</p>
<p><a href="http://www.liturgiciel.ch/wordpress/wp-content/uploads/EnListe.jpg" target="_blank" rel="noopener noreferrer"><img loading="lazy" decoding="async" class="alignright size-thumbnail wp-image-605 colorbox-25" src="http://www.liturgiciel.ch/wordpress/wp-content/uploads/EnListe-150x150.jpg" alt="" width="150" height="150" /></a>Chaque résultat d&rsquo;une recherche apparaît dans la fenêtre principale, où les fiches peuvent défiler une à une. L&rsquo;utilisateur peut aussi obtenir une vue en liste, plus rapide à consulter, mais avec moins de détails.</p>
<h2>2. Grouper et classer</h2>
<p><a href="http://www.liturgiciel.ch/wordpress/wp-content/uploads/Dossiers.jpg" target="_blank" rel="noopener noreferrer"><img loading="lazy" decoding="async" class="alignright size-thumbnail wp-image-617 colorbox-25" src="http://www.liturgiciel.ch/wordpress/wp-content/uploads/Dossiers-150x150.jpg" alt="" width="150" height="150" /></a>Les fiches liturgiques peuvent être groupées dans des dossiers : l&rsquo;utilisateur peut créer, par exemple, un dossier par culte célébré, ou constituer un dossier thématique. Il peut gérer autant de dossiers et de sous-dossiers qu&rsquo;il le souhaite.</p>
<h2>3. Editer</h2>
<p><a href="http://www.liturgiciel.ch/wordpress/wp-content/uploads/SourcesVariantes-1.jpg" target="_blank" rel="noopener noreferrer"><img loading="lazy" decoding="async" class="alignright size-thumbnail wp-image-614 colorbox-25" src="http://www.liturgiciel.ch/wordpress/wp-content/uploads/SourcesVariantes-1-150x150.jpg" alt="" width="150" height="150" /></a>Chaque utilisateur peut créer de nouvelles fiches, en fonction de sa sensibilité et de ses besoins. Il peut facilement dupliquer un texte existant et l&rsquo;adapter à sa manière. L&rsquo;orignal et la variante sont alors conservés dans LiturgiCiel.</p>
<h2>4. Partager</h2>
<p>Chaque fiche créée dans LiturgiCiel est immédiatement disponible pour tous les utilisateurs. Bien sûr, seul l&rsquo;auteur d&rsquo;une fiche peut la modifier ou la supprimer. Les textes officiellement reçus en Église sont protégés contre la modification ou l&rsquo;effacement. Si toutes les fiches sont visibles par tout le monde, les dossiers personnels, eux, ne sont accessible qu&rsquo;à leur créateur. Il est néanmoins possible de partager un dossier pour travailler à plusieurs sur un lot de fiches. </p>
<h2>5. Préparer une célébration</h2>
<p>Lorsqu&rsquo;un utilisateur a sélectionné un certain nombre de fiches en vue d&rsquo;une célébration, il peut facilement les exporter :</p>
<ul>
<li>soit vers un document .pdf</li>
<li>soit vers un document texte, éditable</li>
</ul>
<p><a href="http://www.liturgiciel.ch/wordpress/wp-content/uploads/CulteSion.jpg" target="_blank" rel="noopener noreferrer"><img loading="lazy" decoding="async" class="alignright size-thumbnail wp-image-616 colorbox-25" src="http://www.liturgiciel.ch/wordpress/wp-content/uploads/CulteSion-150x150.jpg" alt="" width="150" height="150" /></a>Le document présente toutes les fiches à la suite, selon l&rsquo;ordre du culte habituel de l&rsquo;utilisateur, comme sur l&rsquo;image ci-contre.</p>
<h2>6. Célébrer</h2>
<p>Le document texte mentionné ci-dessus est directement utilisable sur un smartphone ou une tablette au cours de la célébration.</p>
<p>Plus traditionnellement, l&rsquo;utilisateur imprimera le document pdf sur papier en vue de son utilisation dans la célébration</p>
<h3>Accéder à LiturgiCiel</h3>
<p>Pour accéder à LiturgiCiel et obtenir des indications détaillés sur la manière d&rsquo;utiliser cet outil, aller à l&rsquo;onglet <span style="color: #0000ff;"><a style="color: #0000ff;" href="http://www.liturgiciel.ch/wordpress/?page_id=10">Comment ça marche ?</a></span></p>


<p></p>

<p>LiturgiCiel en bref Pour des explications détaillées, consultez : Comment ça marche ? Cliquez sur les images pour les agrandir. LiturgiCiel permet de : 1. Consulter Pour découvrir les textes, vous pouvez les chercher en fonction du genre de célébration, des moments de la célébration, des temps liturgiques de l&rsquo;année. Des recherches par mots-clés simples [&hellip;]</p>
