{"id":38,"date":"2013-03-22T17:09:23","date_gmt":"2013-03-22T16:09:23","guid":{"rendered":"http:\/\/146266.web01.swisscenter.com\/wordpress\/?page_id=38"},"modified":"2020-11-13T16:44:29","modified_gmt":"2020-11-13T15:44:29","slug":"a-propos","status":"publish","type":"page","link":"https:\/\/www.liturgiciel.ch\/wordpress\/?page_id=38","title":{"rendered":"Groupe de travail"},"content":{"rendered":"<p>Actuellement, un groupe de travail de la CER (Conf\u00e9rence des Eglises r\u00e9form\u00e9es romandes) travaille \u00e0 valoriser\/r\u00e9viser les fiches personnelles contenues dans LiturgiCiel : tri, modifications, compl\u00e9ments&#8230;<\/p>\n<p>On peut contacter ce groupe aupr\u00e8s de <span style=\"color: #0000ff;\"><a style=\"color: #0000ff;\" href=\"mailto:liturgiciel@bluewin.ch\">AdminLiturgiCiel<\/a><\/span>.<\/p>\n\n\n<p><\/p>\n","protected":false},"excerpt":{"rendered":"<p>Actuellement, un groupe de travail de la CER (Conf\u00e9rence des Eglises r\u00e9form\u00e9es romandes) travaille \u00e0 valoriser\/r\u00e9viser les fiches personnelles contenues dans LiturgiCiel : tri, modifications, compl\u00e9ments&#8230; On peut contacter ce groupe aupr\u00e8s de AdminLiturgiCiel.<\/p>\n","protected":false},"author":1,"featured_media":0,"parent":0,"menu_order":0,"comment_status":"closed","ping_status":"open","template":"","meta":{"spay_email":"","footnotes":""},"class_list":["post-38","page","type-page","status-publish","hentry"],"jetpack_shortlink":"https:\/\/wp.me\/P3maRr-C","jetpack_sharing_enabled":true,"_links":{"self":[{"href":"https:\/\/www.liturgiciel.ch\/wordpress\/index.php?rest_route=\/wp\/v2\/pages\/38","targetHints":{"allow":["GET"]}}],"collection":[{"href":"https:\/\/www.liturgiciel.ch\/wordpress\/index.php?rest_route=\/wp\/v2\/pages"}],"about":[{"href":"https:\/\/www.liturgiciel.ch\/wordpress\/index.php?rest_route=\/wp\/v2\/types\/page"}],"author":[{"embeddable":true,"href":"https:\/\/www.liturgiciel.ch\/wordpress\/index.php?rest_route=\/wp\/v2\/users\/1"}],"replies":[{"embeddable":true,"href":"https:\/\/www.liturgiciel.ch\/wordpress\/index.php?rest_route=%2Fwp%2Fv2%2Fcomments&post=38"}],"version-history":[{"count":11,"href":"https:\/\/www.liturgiciel.ch\/wordpress\/index.php?rest_route=\/wp\/v2\/pages\/38\/revisions"}],"predecessor-version":[{"id":694,"href":"https:\/\/www.liturgiciel.ch\/wordpress\/index.php?rest_route=\/wp\/v2\/pages\/38\/revisions\/694"}],"wp:attachment":[{"href":"https:\/\/www.liturgiciel.ch\/wordpress\/index.php?rest_route=%2Fwp%2Fv2%2Fmedia&parent=38"}],"curies":[{"name":"wp","href":"https:\/\/api.w.org\/{rel}","templated":true}]}}

<p>Actuellement, un groupe de travail de la CER (Conférence des Eglises réformées romandes) travaille à valoriser/réviser les fiches personnelles contenues dans LiturgiCiel : tri, modifications, compléments&#8230;</p>
<p>On peut contacter ce groupe auprès de <span style="color: #0000ff;"><a style="color: #0000ff;" href="mailto:liturgiciel@bluewin.ch">AdminLiturgiCiel</a></span>.</p>


<p></p>

<p>Actuellement, un groupe de travail de la CER (Conférence des Eglises réformées romandes) travaille à valoriser/réviser les fiches personnelles contenues dans LiturgiCiel : tri, modifications, compléments&#8230; On peut contacter ce groupe auprès de AdminLiturgiCiel.</p>
