{"id":651,"date":"2020-11-05T11:46:48","date_gmt":"2020-11-05T10:46:48","guid":{"rendered":"http:\/\/www.liturgiciel.ch\/wordpress\/?page_id=651"},"modified":"2020-11-13T16:20:37","modified_gmt":"2020-11-13T15:20:37","slug":"la-fenetre-principale","status":"publish","type":"page","link":"https:\/\/www.liturgiciel.ch\/wordpress\/?page_id=651","title":{"rendered":"La fen\u00eatre principale"},"content":{"rendered":"\n<div class=\"wp-block-group\"><div class=\"wp-block-group__inner-container is-layout-flow wp-block-group-is-layout-flow\">\n<p>La fen\u00eatre principale permet l&rsquo;acc\u00e8s aux plus importantes fonctions de LiturgiCiel. Les tutos visibles ici pr\u00e9sentent les \u00e9l\u00e9ments qui figurent sur cette page.<\/p>\n<p>Quand le tuto est lanc\u00e9 on peut l&rsquo;agrandir pour b\u00e9n\u00e9ficier d&rsquo;une meilleure visibilit\u00e9.<\/p>\n<ol>\n<li><strong><strong>Quitter, naviguer (Calepin) boutons, menus, info-bulles. <br \/>Vues une \u00e0 Une ou en Liste<\/strong><\/strong>\n<div style=\"width: 625px;\" class=\"wp-video\"><video class=\"wp-video-shortcode\" id=\"video-651-1\" width=\"625\" height=\"322\" preload=\"metadata\" controls=\"controls\"><source type=\"video\/mp4\" src=\"http:\/\/www.liturgiciel.ch\/wordpress\/wp-content\/uploads\/FenPrincipale1.mp4?_=1\" \/><a href=\"http:\/\/www.liturgiciel.ch\/wordpress\/wp-content\/uploads\/FenPrincipale1.mp4\">http:\/\/www.liturgiciel.ch\/wordpress\/wp-content\/uploads\/FenPrincipale1.mp4<\/a><\/video><\/div>\n<\/li>\n<li><strong>Contenu de la fiche. Classement.<\/strong><\/li>\n<li><strong>Autres indications en marge de la fiche<\/strong><\/li>\n<li><strong>Statut de la fiche<\/strong><\/li>\n<li><strong>Caddie et Dossier en cours. <\/strong><br \/><strong>Les Smiley.<\/strong><\/li>\n<li><strong>Les menus<\/strong><\/li>\n<\/ol>\n\n\n\n<p><\/p>\n<\/div><\/div>\n","protected":false},"excerpt":{"rendered":"<p>La fen\u00eatre principale permet l&rsquo;acc\u00e8s aux plus importantes fonctions de LiturgiCiel. Les tutos visibles ici pr\u00e9sentent les \u00e9l\u00e9ments qui figurent sur cette page. Quand le tuto est lanc\u00e9 on peut l&rsquo;agrandir pour b\u00e9n\u00e9ficier d&rsquo;une meilleure visibilit\u00e9. Quitter, naviguer (Calepin) boutons, menus, info-bulles. Vues une \u00e0 Une ou en Liste Contenu de la fiche. Classement. Autres [&hellip;]<\/p>\n","protected":false},"author":1,"featured_media":0,"parent":10,"menu_order":1,"comment_status":"closed","ping_status":"closed","template":"","meta":{"spay_email":"","footnotes":""},"class_list":["post-651","page","type-page","status-publish","hentry"],"jetpack_shortlink":"https:\/\/wp.me\/P3maRr-av","jetpack_sharing_enabled":true,"_links":{"self":[{"href":"https:\/\/www.liturgiciel.ch\/wordpress\/index.php?rest_route=\/wp\/v2\/pages\/651","targetHints":{"allow":["GET"]}}],"collection":[{"href":"https:\/\/www.liturgiciel.ch\/wordpress\/index.php?rest_route=\/wp\/v2\/pages"}],"about":[{"href":"https:\/\/www.liturgiciel.ch\/wordpress\/index.php?rest_route=\/wp\/v2\/types\/page"}],"author":[{"embeddable":true,"href":"https:\/\/www.liturgiciel.ch\/wordpress\/index.php?rest_route=\/wp\/v2\/users\/1"}],"replies":[{"embeddable":true,"href":"https:\/\/www.liturgiciel.ch\/wordpress\/index.php?rest_route=%2Fwp%2Fv2%2Fcomments&post=651"}],"version-history":[{"count":8,"href":"https:\/\/www.liturgiciel.ch\/wordpress\/index.php?rest_route=\/wp\/v2\/pages\/651\/revisions"}],"predecessor-version":[{"id":690,"href":"https:\/\/www.liturgiciel.ch\/wordpress\/index.php?rest_route=\/wp\/v2\/pages\/651\/revisions\/690"}],"up":[{"embeddable":true,"href":"https:\/\/www.liturgiciel.ch\/wordpress\/index.php?rest_route=\/wp\/v2\/pages\/10"}],"wp:attachment":[{"href":"https:\/\/www.liturgiciel.ch\/wordpress\/index.php?rest_route=%2Fwp%2Fv2%2Fmedia&parent=651"}],"curies":[{"name":"wp","href":"https:\/\/api.w.org\/{rel}","templated":true}]}}